e prime factors of t/2 - (-50)/4.
13
Suppose 3 = -5*u - 5*y - 2, -3*u + 2*y = -22. Suppose -3*b = -5*b + 2*g - u, -8 = -2*g. List the prime factors of -2*(-7)/b*1.
7
Suppose x = -5*p + 5*x - 1, 0 = -2*p - 3*x + 18. Let o(u) = -u**3 + 4*u**2 + 8*u - 6. Let d be o(5). Suppose p*r - d = -0. What are the prime factors of r?
3
Suppose -3*d = 5*h - 5, 2*d - h = 4*h - 30. Let o = -2 - d. What are the prime factors of o?
3
What are the prime factors of (-421)/(-2) - 37/(-74)?
211
Let y(z) = z**3 - 3*z**2 - 6*z + 2. What are the prime factors of y(5)?
2, 11
Suppose 18*k - 1430 = 7*k. List the prime factors of k.
2, 5, 13
Let w(l) = -l**3 - 8*l**2 + 8*l + 4. Suppose d = -2*d - 27. List the prime factors of w(d).
13
What are the prime factors of (-537)/(-18) + 0 + (-1)/(-6)?
2, 3, 5
Suppose -3*h + 63 = r, -2*r - 2 = -h + 19. Suppose c - 5 + h = 0. List the prime factors of (-3 - 0)/(6/c).
2
Let z(f) = 2*f**3 + 2*f**2 + f. Let o be z(-2). Let r be (4/(-2))/(4/o). List the prime factors of 43/r + 6/15.
3
Let l(k) = k**3 + 9*k**2 + 7*k + 5. Let z be l(-5). List the prime factors of z/(-7)*(-2 + -1).
2, 3, 5
Let t be (-4 + 7)*(-14)/6. List the prime factors of 2*-14*(t + 6).
2, 7
Let y = -17 - -25. Let u = 10 + -4. Suppose y*w = 5*w + u. List the prime factors of w.
2
Suppose 4*j - w = 2, 3*j + 2*w = -0 + 7. Let u(f) = 6*f**3 + 2*f**2 - 2*f + 1. List the prime factors of u(j).
7
Suppose 2*n = -4*f + 22, 0*f = 3*f - 5*n - 49. What are the prime factors of f?
2
Let j be (-1 - -5)/(-4 - -3). Let y = j - -12. List the prime factors of y.
2
Let r be (2 - -1)*220/(-33). Let s = r - -41. List the prime factors of s.
3, 7
Suppose 2*z - 6*z - 5*x + 47 = 0, 3*z = -4*x + 34. Let r = z - 8. Suppose 2*y - 12 = r. List the prime factors of y.
11
Let l(p) = p**3 + 8*p**2 + 11. Suppose -c - 3*z = 11, 5*z + 21 = 5*c + 56. List the prime factors of l(c).
11
Suppose 5*q = 4*q + 164. What are the prime factors of q?
2, 41
Let p = -1 + -14. What are the prime factors of 2/(p/(-7) + -2)?
2, 7
Suppose 3*o - 150 + 12 = 0. What are the prime factors of o?
2, 23
Let b(t) = 39*t**2 - 8*t - 4 + 3 + 17*t - 7*t. What are the prime factors of b(1)?
2, 5
Suppose -5*b = -4*u - 164, -4*u - 132 = -0*b - 4*b. List the prime factors of b.
2
Suppose b = -5*j - 0*j + 10, -5*j - 20 = 0. Suppose -p - b = 28. Let f = p + 81. What are the prime factors of f?
23
Let n(t) = t**3 - t + 1. Let d be n(0). Let m(w) = -w**3 + 6*w**2 + 1. Let a be m(6). List the prime factors of (-38)/((-3 + a)/d).
19
Suppose 3*p - 708 = 2*j, p - 367 = -3*j - 131. List the prime factors of p.
2, 59
Let h(a) = a**3 + 6*a**2 - 8*a - 5. Let n be h(-7). Let b be n/(-2 - (-24)/11). Let v = 18 - b. What are the prime factors of v?
7
Let w(q) = q + 6. Let n = -3 - 3. Let c be w(n). Suppose -3*s - 2*s = c, 0 = -5*d + 2*s + 20. What are the prime factors of d?
2
Suppose 12 = k + 3*k. Suppose -2*v + 25 = k*v. Suppose v*u - 53 = -18. List the prime factors of u.
7
Suppose 4*v - 4 = a + 12, 3*v - 23 = -2*a. Let y(q) = 12 - a*q + 3*q + 2. List the prime factors of y(0).
2, 7
Let k = 30 - -86. What are the prime factors of k?
2, 29
Suppose 0 = 5*t - 3*t - 8. Let p(d) = -d**3 - d**2 + 6. Let j be p(0). Suppose 0 = j*a - t*a - 14. List the prime factors of a.
7
Let x = 248 - 45. What are the prime factors of x?
7, 29
Suppose 382 = 4*q - 4*x + 2*x, 2*q = 2*x + 186. Suppose -q = -5*f - 23. What are the prime factors of f?
3, 5
Let y = -2 - -1. Let h be (0/3 + 0)/y. Let f = h - -7. List the prime factors of f.
7
Let a(m) = -m**3 - 8*m**2 - 3*m - 6. Let i be a(-8). Suppose c = 4*x - i, -3*c - 3 = 2*x + 3*x. What are the prime factors of (-3 - c) + (2 - 1)?
2
Suppose w - 2*w = 0. Suppose -3*c + w*c = 0. List the prime factors of 1 - c - 1*-2.
3
Let k(u) = -8*u + 5. Let v be k(4). What are the prime factors of (-2)/8 + v/(-12)?
2
List the prime factors of 177*((-28)/12)/(-7).
59
List the prime factors of (-4)/(-10) + (-686)/(-10).
3, 23
Let s be (-303)/(-6) - (-2)/(-4). Suppose -3*p + 2*p = 3*l - 14, -5*p - 5*l = -s. List the prime factors of p.
2
Let s(b) = b**3 - 4*b**2 + 2*b - 1. Let h be s(2). Let k = 2 - h. What are the prime factors of k?
7
Suppose 0 = -4*f + 7*f - 18. Suppose z = f - 2. Suppose -z*h + 9 = 1. List the prime factors of h.
2
Suppose 3*q = 154 + 119. What are the prime factors of q?
7, 13
Let w(o) = 8*o - 17. List the prime factors of w(6).
31
Let s(i) = i**3 + 10*i**2 + 4. Let x be s(-10). Suppose -3*u + x*b + 83 = 2*u, -3*b = -9. List the prime factors of u.
19
Let w(x) = 12*x**2 - 4*x + x**3 + 13 + 2*x + x. What are the prime factors of w(-12)?
5
What are the prime factors of (-4 + (-7)/(-2))*-62?
31
Suppose -3*o - 3*w - 1 = -7*w, -5*w = -4*o - 1. Suppose -2 = -p + o. Suppose p*j - 37 = 5. List the prime factors of j.
2, 7
Let i = -3 + 4. Let y = 3 + i. Let p = 7 - y. List the prime factors of p.
3
Let i(c) = 11*c**2 - c. Let w be i(1). List the prime factors of 18/w*(-20)/(-6).
2, 3
Suppose -14 = 3*b - 101. What are the prime factors of b?
29
Let g(i) = -6*i - 5. Let h be g(-5). Suppose -2*o + 5*m = -h, 0 = 4*m + 11 + 1. Suppose -3*q = -6*q - 4*x + 59, 0 = -2*q + o*x + 1. List the prime factors of q.
13
Suppose -4*r = -2*r - 208. Suppose -12 = -3*v, -8*y + 5*v = -4*y + r. Let k = y - -34. List the prime factors of k.
13
Let u(g) = -g + 5. Let a be u(3). Suppose 0 = -3*y + 3*j, -5*j + 23 = -a. Suppose y*x - 6 = -2*h, -2*x + 4 - 1 = h. List the prime factors of h.
3
List the prime factors of 2/5 + 6 + (-51)/15.
3
Let v(y) = -1 - 7 + 6*y + 1 + y + y**2. List the prime factors of v(-9).
11
Let z = 57 - 36. What are the prime factors of z?
3, 7
Suppose 4*i + 747 = 3*c + 142, 0 = -2*c - 4*i + 430. What are the prime factors of c?
3, 23
Let q be 1*-1*22/(-11). Suppose -q = -4*c + 3*c. What are the prime factors of c?
2
What are the prime factors of (0 - -1)/(4/404)?
101
Let g be (-1 - -2)*0/(-2). Let v(y) = 2*y**2 - 5*y - 1. Let z be v(4). Let q = z + g. What are the prime factors of q?
11
Suppose -36 = 13*r - 16*r. What are the prime factors of r/8 - (-50)/4?
2, 7
Let s = 7 + -4. Suppose -t - 4 = 2*k, -4*t + s*t = -5*k - 17. What are the prime factors of (-10)/(-8)*(2 + t)?
5
Let u = 8 + -14. List the prime factors of (-51)/u + 3/(-6).
2
Let w = -148 + 808. Let d be w/50 + (-2)/10. Let s = d - -5. What are the prime factors of s?
2, 3
Suppose -5*h = -4*h - 30. What are the prime factors of h?
2, 3, 5
Let t(d) = d. List the prime factors of t(14).
2, 7
Suppose -2*i = -6*i + 40. Let g = -6 + i. Suppose 0 = 2*p - 10 - g. List the prime factors of p.
7
Let z(u) = -u**2 - 7*u + 10. Let c = -2 + 10. Suppose 0 = 2*i + 6 + c. List the prime factors of z(i).
2, 5
Let u = -2 - -4. Suppose -u*f + 252 = f. What are the prime factors of (-2)/3 - f/(-18)?
2
Suppose -3*b + 455 - 92 = 3*k, 0 = -k - 3*b + 125. What are the prime factors of k?
7, 17
Let l be -2 + (3 + -2 - -8). Let i(j) be the third derivative of j**5/60 - j**4/4 + 5*j**3/3 + 2*j**2. List the prime factors of i(l).
17
Suppose 0 = -3*f - 3*b + 48, 1 = -2*f + 5*b - 2. Suppose 0 = -3*g + q + 45, -g - q + f = -0*g. What are the prime factors of g?
2, 7
Suppose o = -3*o + 440. List the prime factors of o.
2, 5, 11
Suppose 2*g - 15 - 29 = 0. Let t = g - 13. List the prime factors of (-61)/(-9) + 2/t.
7
Let u(z) = -z - 13. Let r be u(-10). Let h = 7 - r. What are the prime factors of h?
2, 5
Suppose -2*y = 0, -2*g - 4*y + 40 = -6. Suppose 8 = -3*r + g. List the prime factors of r.
5
Let l(q) = -6*q - 5*q**3 + 3*q**2 + 3*q**2 + 3*q - 5 + 4*q**3. What are the prime factors of l(4)?
3, 5
Let f(n) = -n**2 + 3*n + 46. What are the prime factors of f(0)?
2, 23
Suppose 0 = 4*t + 3*b - 213, -5*t - 5*b + 332 = 72. List the prime factors of t.
3, 19
Let m = -28 + 48. Suppose -5*g - 10 = m. List the prime factors of (-222)/(-12) + g/4.
17
Let h(x) = -10*x - 9. Let w be h(9). Let m be (-2)/(-4) - w/(-6). What are the prime factors of (-3)/(0 - -1) - m?
13
Suppose -144 = 7*t - 3*t. Suppose 5*d + 53 = h - 26, -167 = -3*h + d. Let j = h + t. List the prime factors of j.
2, 3
Suppose -740 = -5*r + c, r - 4*c - 129 = -0*r. List the prime factors of r.
149
Let o = -459 + 648. List the prime factors of o.
3, 7
Let h = -61 - -77. List the prime factors of h.
2
Let l = -2 + 2. Let p(a) = a**3 - a**2 - 